39921600?
True
Does 11 divide 395974634?
True
Is 25 a factor of 438709200?
True
Is 1856611719 a multiple of 97?
True
Does 269 divide 31141819?
False
Is 10204160 a multiple of 160?
True
Is 1842762022 a multiple of 29?
True
Is 76 a factor of 75678932?
False
Is 81814428 a multiple of 27?
True
Does 2897 divide 130324442?
True
Is 13 a factor of 33947378?
False
Is 18 a factor of 5268425?
False
Does 4603 divide 42057611?
True
Does 105 divide 29464609?
False
Does 228 divide 228973017?
False
Is 2940219030 a multiple of 399?
True
Is 99676928 a multiple of 32?
True
Is 3159 a factor of 899537478?
False
Is 237180734 a multiple of 22?
False
Does 9 divide 9812340?
True
Is 841803436 a multiple of 1754?
False
Is 108 a factor of 90915264?
True
Is 17189025 a multiple of 32?
False
Does 1057 divide 211896790?
True
Is 360848284 a multiple of 1811?
False
Does 177 divide 934543834?
False
Is 73 a factor of 2187998?
False
Is 223967528 a multiple of 1822?
True
Is 14843030 a multiple of 5?
True
Does 91 divide 335463620?
False
Is 108557900 a multiple of 22?
True
Is 1763900586 a multiple of 153?
True
Does 105 divide 56759039?
False
Is 129 a factor of 36378?
True
Is 71299536 a multiple of 1616?
True
Is 3788262 a multiple of 62?
True
Is 1241 a factor of 159706144?
False
Is 52695034 a multiple of 7?
True
Is 154 a factor of 1787213736?
True
Does 104 divide 9236959?
False
Does 833 divide 210899635?
False
Is 544 a factor of 15767998?
False
Does 964 divide 522172772?
True
Does 3 divide 1016301?
True
Is 31180423 a multiple of 37?
False
Is 535777673 a multiple of 11?
False
Does 95 divide 228305300?
False
Is 12 a factor of 24633507?
False
Does 28 divide 6897016?
True
Does 3 divide 175699557?
True
Is 317 a factor of 2589166606?
True
Does 2239 divide 509367765?
False
Is 3763 a factor of 856993146?
True
Does 3 divide 361003578?
True
Is 7 a factor of 21472131?
False
Does 18 divide 4659944753?
False
Is 8 a factor of 607746158?
False
Does 4 divide 69099235?
False
Is 151 a factor of 570982904?
False
Does 4003 divide 536531019?
False
Is 105 a factor of 195223350?
True
Does 32 divide 8655488?
True
Is 3312 a factor of 870734857?
False
Does 60 divide 7556794086?
False
Is 33280505 a multiple of 76?
False
Does 63 divide 35862929?
False
Is 91 a factor of 37026932?
False
Is 162204696 a multiple of 9?
True
Is 99 a factor of 275197527?
True
Is 8106421 a multiple of 71?
False
Is 328007132 a multiple of 13?
False
Is 532547056 a multiple of 3170?
False
Does 9 divide 103434223?
False
Is 406 a factor of 58439560?
False
Is 94 a factor of 26458036?
False
Is 120 a factor of 112465440?
True
Is 83 a factor of 225918828?
False
Is 25 a factor of 9126879?
False
Is 146 a factor of 187484624?
False
Is 918 a factor of 875528466?
False
Is 10 a factor of 5926132?
False
Is 429911 a multiple of 11?
False
Is 26 a factor of 279777492?
False
Is 5348988215 a multiple of 14?
False
Is 111 a factor of 1274416308?
True
Does 478 divide 2058378480?
False
Is 46 a factor of 86086378?
True
Does 172 divide 21302372?
True
Is 15 a factor of 1409803718?
False
Is 47 a factor of 313698609?
False
Does 27 divide 42485776?
False
Is 289827205 a multiple of 82?
False
Is 1029 a factor of 259881153?
True
Is 3250 a factor of 229942031?
False
Is 45 a factor of 989190?
True
Is 3056733 a multiple of 2?
False
Is 13 a factor of 3011766558?
False
Is 21 a factor of 34147268?
False
Does 3 divide 1084452429?
True
Is 33 a factor of 14490297?
False
Is 50625635 a multiple of 2570?
False
Is 26 a factor of 1016849828?
False
Does 410 divide 29416476?
False
Does 11 divide 5154067?
False
Is 88 a factor of 35272250?
False
Is 2151261252 a multiple of 3948?
True
Is 184 a factor of 384376?
True
Does 73 divide 1233725039?
True
Is 23108692 a multiple of 70?
False
Is 1198 a factor of 152064536?
True
Does 27 divide 8777673?
True
Is 3 a factor of 13919174?
False
Does 492 divide 152257175?
False
Is 87 a factor of 610133175?
True
Is 4173810 a multiple of 69?
True
Is 3 a factor of 6513334?
False
Does 29 divide 2343970704?
True
Is 66615019 a multiple of 13?
False
Does 14 divide 140025494?
True
Is 1228896 a multiple of 8?
True
Does 707 divide 28820855?
True
Is 5590327 a multiple of 192?
False
Is 201 a factor of 133815951?
True
Is 154500514 a multiple of 1165?
False
Does 282 divide 595303228?
False
Is 45772404 a multiple of 74?
True
Is 1569 a factor of 32137282?
False
Does 912 divide 53231543?
False
Does 1669 divide 5062119?
False
Does 11 divide 78426931?
True
Is 106272995 a multiple of 209?
False
Is 31285158 a multiple of 131?
True
Does 9 divide 131050422?
True
Is 777 a factor of 3052833?
True
Is 11 a factor of 28241884?
True
Is 831724201 a multiple of 1450?
False
Does 4 divide 96802334?
False
Is 475499448 a multiple of 272?
False
Is 491525567 a multiple of 13?
True
Is 1991574018 a multiple of 15?
False
Is 28 a factor of 143602653?
False
Is 38368154 a multiple of 28?
False
Is 452063768 a multiple of 26?
True
Is 2786 a factor of 189782320?
True
Is 18 a factor of 4362679818?
True
Is 2329440 a multiple of 276?
True
Is 2572720794 a multiple of 21?
True
Does 67 divide 97709852?
True
Is 3240 a factor of 150925175?
False
Is 437761766 a multiple of 92?
False
Does 96 divide 4059731463?
False
Does 1322 divide 64754204?
True
Is 72829375 a multiple of 2375?
True
Does 256 divide 17945073?
False
Is 43 a factor of 13490698?
False
Is 3312 a factor of 225603504?
True
Is 17793800 a multiple of 20?
True
Is 1163618310 a multiple of 129?
False
Is 159080627 a multiple of 185?
False
Does 108 divide 4576098780?
True
Is 1155584508 a multiple of 79?
True
Is 2677075686 a multiple of 9?
True
Does 11 divide 227136701?
True
Is 43 a factor of 30258025?
True
Does 16 divide 60247064?
False
Does 6597 divide 240526620?
True
Is 9870624 a multiple of 32?
True
Is 168 a factor of 32860970?
False
Is 64 a factor of 27464120?
False
Is 24963065 a multiple of 9?
False
Is 1682282108 a multiple of 3811?
True
Is 202 a factor of 601760626?
True
Is 14 a factor of 210966813?
False
Does 77 divide 80344187?
True
Is 146 a factor of 138513185?
False
Does 2764 divide 2082042911?
False
Is 20 a factor of 31901167?
False
Does 872 divide 343581952?
True
Is 247438719 a multiple of 27?
True
Does 47 divide 228724956?
False
Is 533905148 a multiple of 229?
False
Does 54 divide 550313684?
False
Is 133 a factor of 44130198?
True
Is 7 a factor of 47569550?
True
Is 126 a factor of 106494397?
False
Is 125742641 a multiple of 29?
False
Does 390 divide 10991760?
True
Is 9 a factor of 52018434?
True
Does 106 divide 181015511?
False
Is 35646980 a multiple of 14?
False
Is 1197636218 a multiple of 2333?
True
Does 115 divide 122355975?
True
Does 17 divide 10574085?
True
Does 74 divide 306348861?
False
Does 12 divide 37643413?
False
Is 426 a factor of 362218428?
True
Is 2567183677 a multiple of 8?
False
Is 1554458487 a multiple of 460?
False
Is 2149 a factor of 697836174?
True
Is 9 a factor of 43545273?
False
Is 33096130 a multiple of 37?
True
Is 6306289520 a multiple of 526?
False
Is 7618897 a multiple of 143?
True
Is 2807 a factor of 523059187?
True
Does 501 divide 556825929?
True
Is 107265118 a multiple of 514?
True
Is 10 a factor of 8082898?
False
Is 2 a factor of 108103974?
True
Is 100 a factor of 2584920346?
False
Is 4 a factor of 222354774?
False
Is 285 a factor of 29869140?
True
Is 4638 a factor of 1764545465?
False
Does 37 divide 241340936?
True
Does 259 divide 38013735?
False
Does 1311 divide 477496353?
True
Is 144 a factor of 312112944?
True
Is 855 a factor of 15158295?
True
Is 42892848 a multiple of 12?
True
Is 746670517 a multiple of 10591?
False
Does 654 divide 58668668?
False
Does 43 divide 3724673?
False
Is 106 a factor of 141274892?
True
Is 2274881954 a multiple of 2220?
False
Does 11 divide 106951130?
True
Is 144916666 a multiple of 1154?
False
Is 796143915 a multiple of 45?
True
Is 31975581 a multiple of 25?
False
Does 123 divide 147141712?
False
Does 92 divide 39228902?
False
Is 1621 a factor of 20074464?
True
Is 2 a factor of 91563584?
True
Is 11 a factor of 48871704?
False
Is 25554561 a multiple of 45?
False
Does 4184 divide 21622400?
False
Is 1501677632 a multiple of 52?
True
Is 2503558714 a multiple of 123?
False
Does 181 divide 5612005?
False
Is 6 a factor of 287068452?
True
Does 61 divide 16899318?
True
Is 49928928 a mul